{"id":27,"date":"2023-08-01T15:41:25","date_gmt":"2023-08-01T13:41:25","guid":{"rendered":"https:\/\/alevlv.be\/inscription\/?page_id=27"},"modified":"2023-08-01T16:23:50","modified_gmt":"2023-08-01T14:23:50","slug":"anglais","status":"publish","type":"page","link":"https:\/\/alevlv.be\/inscription\/anglais\/","title":{"rendered":"Anglais \ud83c\uddec\ud83c\udde7"},"content":{"rendered":"<style id=\"wpforms-css-vars-root\">\n\t\t\t\t:root {\n\t\t\t\t\t--wpforms-field-border-radius: 3px;\n--wpforms-field-background-color: #ffffff;\n--wpforms-field-border-color: rgba( 0, 0, 0, 0.25 );\n--wpforms-field-text-color: rgba( 0, 0, 0, 0.7 );\n--wpforms-label-color: rgba( 0, 0, 0, 0.85 );\n--wpforms-label-sublabel-color: rgba( 0, 0, 0, 0.55 );\n--wpforms-label-error-color: #d63637;\n--wpforms-button-border-radius: 3px;\n--wpforms-button-background-color: #066aab;\n--wpforms-button-text-color: #ffffff;\n--wpforms-field-size-input-height: 43px;\n--wpforms-field-size-input-spacing: 15px;\n--wpforms-field-size-font-size: 16px;\n--wpforms-field-size-line-height: 19px;\n--wpforms-field-size-padding-h: 14px;\n--wpforms-field-size-checkbox-size: 16px;\n--wpforms-field-size-sublabel-spacing: 5px;\n--wpforms-field-size-icon-size: 1;\n--wpforms-label-size-font-size: 16px;\n--wpforms-label-size-line-height: 19px;\n--wpforms-label-size-sublabel-font-size: 14px;\n--wpforms-label-size-sublabel-line-height: 17px;\n--wpforms-button-size-font-size: 17px;\n--wpforms-button-size-height: 41px;\n--wpforms-button-size-padding-h: 15px;\n--wpforms-button-size-margin-top: 10px;\n\n\t\t\t\t}\n\t\t\t<\/style><div class=\"wpforms-container wpforms-container-full wpforms-block wpforms-block-a962527b-bd1b-419f-a3db-ebc5cbe23ca9 wpforms-render-modern\" id=\"wpforms-6\"><form id=\"wpforms-form-6\" class=\"wpforms-validate wpforms-form wpforms-ajax-form\" data-formid=\"6\" method=\"post\" enctype=\"multipart\/form-data\" action=\"\/inscription\/wp-json\/wp\/v2\/pages\/27\" data-token=\"ce5e6c50a082b2af41eb880328bb2c92\"><noscript class=\"wpforms-error-noscript\">Veuillez activer JavaScript dans votre navigateur pour remplir ce formulaire.<\/noscript><div class=\"wpforms-hidden\" id=\"wpforms-error-noscript\">Veuillez activer JavaScript dans votre navigateur pour remplir ce formulaire.<\/div><div class=\"wpforms-field-container\"><div id=\"wpforms-6-field_13-container\" class=\"wpforms-field wpforms-field-layout\" data-field-id=\"13\"><label class=\"wpforms-field-label wpforms-label-hide\" for=\"wpforms-6-field_13\" aria-hidden=\"false\">Mise en page<\/label><div class=\"wpforms-field-layout-columns wpforms-field-layout-preset-67-33\"><div class=\"wpforms-layout-column wpforms-layout-column-67\"><div id=\"wpforms-6-field_14-container\" class=\"wpforms-field wpforms-field-name\" data-field-id=\"14\"><fieldset><legend class=\"wpforms-field-label\">Nom <span class=\"wpforms-required-label\" aria-hidden=\"true\">*<\/span><\/legend><div class=\"wpforms-field-row wpforms-field-medium\"><div class=\"wpforms-field-row-block wpforms-first wpforms-one-half\"><input type=\"text\" id=\"wpforms-6-field_14\" class=\"wpforms-field-name-first wpforms-field-required\" name=\"wpforms[fields][14][first]\" aria-errormessage=\"wpforms-6-field_14-error\" required><label for=\"wpforms-6-field_14\" class=\"wpforms-field-sublabel after \">Pr\u00e9nom<\/label><\/div><div class=\"wpforms-field-row-block wpforms-one-half\"><input type=\"text\" id=\"wpforms-6-field_14-last\" class=\"wpforms-field-name-last wpforms-field-required\" name=\"wpforms[fields][14][last]\" aria-errormessage=\"wpforms-6-field_14-last-error\" required><label for=\"wpforms-6-field_14-last\" class=\"wpforms-field-sublabel after \">Nom<\/label><\/div><\/div><\/fieldset><\/div><\/div><div class=\"wpforms-layout-column wpforms-layout-column-33\"><div id=\"wpforms-6-field_16-container\" class=\"wpforms-field wpforms-field-phone\" data-field-id=\"16\"><label class=\"wpforms-field-label\" for=\"wpforms-6-field_16\">T\u00e9l\u00e9phone <span class=\"wpforms-required-label\" aria-hidden=\"true\">*<\/span><\/label><input type=\"tel\" id=\"wpforms-6-field_16\" class=\"wpforms-field-medium wpforms-field-required\" data-rule-int-phone-field=\"true\" name=\"wpforms[fields][16]\" aria-errormessage=\"wpforms-6-field_16-error\" aria-describedby=\"wpforms-6-field_16-description\" required><div id=\"wpforms-6-field_16-description\" class=\"wpforms-field-description\">Pour rester en contact avec votre formateur<\/div><\/div><\/div><\/div><\/div><div id=\"wpforms-6-field_49-container\" class=\"wpforms-field wpforms-field-layout\" data-field-id=\"49\"><label class=\"wpforms-field-label wpforms-label-hide\" for=\"wpforms-6-field_49\" aria-hidden=\"false\">Mise en page<\/label><div class=\"wpforms-field-layout-columns wpforms-field-layout-preset-33-67\"><div class=\"wpforms-layout-column wpforms-layout-column-33\"><div id=\"wpforms-6-field_50-container\" class=\"wpforms-field wpforms-field-radio wpforms-list-inline wpforms-conditional-trigger\" data-field-id=\"50\"><fieldset><legend class=\"wpforms-field-label\">Choisir mon niveau <span class=\"wpforms-required-label\" aria-hidden=\"true\">*<\/span><\/legend><ul id=\"wpforms-6-field_50\" class=\"wpforms-field-required wpforms-icon-choices wpforms-icon-choices-modern wpforms-icon-choices-large\" style=\"--wpforms-icon-choices-color: #066aab;\"><li class=\"choice-1 depth-1 wpforms-icon-choices-item\"><label class=\"wpforms-field-label-inline\" for=\"wpforms-6-field_50_1\">\n\t\t\t\t<span class=\"wpforms-icon-choices-icon\">\n\t\t\t\t\t<svg xmlns=\"http:\/\/www.w3.org\/2000\/svg\" width=\"80\" height=\"64px\" viewBox=\"0 0 448 512\"><!--! Font Awesome Free 6.2.1 by @fontawesome - https:\/\/fontawesome.com License - https:\/\/fontawesome.com\/license\/free (Icons: CC BY 4.0, Fonts: SIL OFL 1.1, Code: MIT License) Copyright 2022 Fonticons, Inc. --><path d=\"M296 88c0 39.8-32.2 72-72 72s-72-32.2-72-72s32.2-72 72-72s72 32.2 72 72zM39.7 144.5c13-17.9 38-21.8 55.9-8.8L131.8 162c26.8 19.5 59.1 30 92.2 30s65.4-10.5 92.2-30l36.2-26.4c17.9-13 42.9-9 55.9 8.8s9 42.9-8.8 55.9l-36.2 26.4c-13.6 9.9-28.1 18.2-43.3 25V288H128V251.7c-15.2-6.7-29.7-15.1-43.3-25L48.5 200.3c-17.9-13-21.8-38-8.8-55.9zm89.8 184.8l60.6 53-26 37.2 24.3 24.3c15.6 15.6 15.6 40.9 0 56.6s-40.9 15.6-56.6 0l-48-48C70 438.6 68.1 417 79.2 401.1l50.2-71.8zm128.5 53l60.6-53 50.2 71.8c11.1 15.9 9.2 37.5-4.5 51.2l-48 48c-15.6 15.6-40.9 15.6-56.6 0s-15.6-40.9 0-56.6L284 419.4l-26-37.2z\"\/><\/svg>\n\t\t\t\t\t<span class=\"wpforms-icon-choices-icon-bg\"><\/span>\n\t\t\t\t<\/span>\n\t\t\t\t<input type=\"radio\" id=\"wpforms-6-field_50_1\" class=\"wpforms-screen-reader-element\" name=\"wpforms[fields][50]\" value=\"\u00c0 quoi correspond le niveau A1 ?\" aria-errormessage=\"wpforms-6-field_50_1-error\" required >\n\t\t\t\t<span class=\"wpforms-icon-choices-label\">\u00c0 quoi correspond le niveau A1 ?<\/span>\n\t\t\t<\/label><\/li><li class=\"choice-2 depth-1 wpforms-icon-choices-item\"><label class=\"wpforms-field-label-inline\" for=\"wpforms-6-field_50_2\">\n\t\t\t\t<span class=\"wpforms-icon-choices-icon\">\n\t\t\t\t\t<svg xmlns=\"http:\/\/www.w3.org\/2000\/svg\" width=\"80\" height=\"64px\" viewBox=\"0 0 320 512\"><!--! Font Awesome Free 6.2.1 by @fontawesome - https:\/\/fontawesome.com License - https:\/\/fontawesome.com\/license\/free (Icons: CC BY 4.0, Fonts: SIL OFL 1.1, Code: MIT License) Copyright 2022 Fonticons, Inc. --><path d=\"M224 64c0 35.3-28.7 64-64 64s-64-28.7-64-64s28.7-64 64-64s64 28.7 64 64zM144 384v96c0 17.7-14.3 32-32 32s-32-14.3-32-32V287.8L59.1 321c-9.4 15-29.2 19.4-44.1 10S-4.5 301.9 4.9 287l39.9-63.3C69.7 184 113.2 160 160 160s90.3 24 115.2 63.6L315.1 287c9.4 15 4.9 34.7-10 44.1s-34.7 4.9-44.1-10L240 287.8V480c0 17.7-14.3 32-32 32s-32-14.3-32-32V384H144z\"\/><\/svg>\n\t\t\t\t\t<span class=\"wpforms-icon-choices-icon-bg\"><\/span>\n\t\t\t\t<\/span>\n\t\t\t\t<input type=\"radio\" id=\"wpforms-6-field_50_2\" class=\"wpforms-screen-reader-element\" name=\"wpforms[fields][50]\" value=\"\u00c0 quoi correspond le niveau A2 ?\" aria-errormessage=\"wpforms-6-field_50_2-error\" required >\n\t\t\t\t<span class=\"wpforms-icon-choices-label\">\u00c0 quoi correspond le niveau A2 ?<\/span>\n\t\t\t<\/label><\/li><li class=\"choice-3 depth-1 wpforms-icon-choices-item\"><label class=\"wpforms-field-label-inline\" for=\"wpforms-6-field_50_3\">\n\t\t\t\t<span class=\"wpforms-icon-choices-icon\">\n\t\t\t\t\t<svg xmlns=\"http:\/\/www.w3.org\/2000\/svg\" width=\"80\" height=\"64px\" viewBox=\"0 0 640 512\"><!--! Font Awesome Free 6.2.1 by @fontawesome - https:\/\/fontawesome.com License - https:\/\/fontawesome.com\/license\/free (Icons: CC BY 4.0, Fonts: SIL OFL 1.1, Code: MIT License) Copyright 2022 Fonticons, Inc. --><path d=\"M208 0C322.9 0 416 78.8 416 176C416 273.2 322.9 352 208 352C189.3 352 171.2 349.7 153.9 345.8C123.3 364.8 79.13 384 24.95 384C14.97 384 5.93 378.1 2.018 368.9C-1.896 359.7-.0074 349.1 6.739 341.9C7.26 341.5 29.38 317.4 45.73 285.9C17.18 255.8 0 217.6 0 176C0 78.8 93.13 0 208 0zM164.6 298.1C179.2 302.3 193.8 304 208 304C296.2 304 368 246.6 368 176C368 105.4 296.2 48 208 48C119.8 48 48 105.4 48 176C48 211.2 65.71 237.2 80.57 252.9L104.1 277.8L88.31 308.1C84.74 314.1 80.73 321.9 76.55 328.5C94.26 323.4 111.7 315.5 128.7 304.1L145.4 294.6L164.6 298.1zM441.6 128.2C552 132.4 640 209.5 640 304C640 345.6 622.8 383.8 594.3 413.9C610.6 445.4 632.7 469.5 633.3 469.9C640 477.1 641.9 487.7 637.1 496.9C634.1 506.1 625 512 615 512C560.9 512 516.7 492.8 486.1 473.8C468.8 477.7 450.7 480 432 480C350 480 279.1 439.8 245.2 381.5C262.5 379.2 279.1 375.3 294.9 369.9C322.9 407.1 373.9 432 432 432C446.2 432 460.8 430.3 475.4 426.1L494.6 422.6L511.3 432.1C528.3 443.5 545.7 451.4 563.5 456.5C559.3 449.9 555.3 442.1 551.7 436.1L535.9 405.8L559.4 380.9C574.3 365.3 592 339.2 592 304C592 237.7 528.7 183.1 447.1 176.6L448 176C448 159.5 445.8 143.5 441.6 128.2H441.6z\"\/><\/svg>\n\t\t\t\t\t<span class=\"wpforms-icon-choices-icon-bg\"><\/span>\n\t\t\t\t<\/span>\n\t\t\t\t<input type=\"radio\" id=\"wpforms-6-field_50_3\" class=\"wpforms-screen-reader-element\" name=\"wpforms[fields][50]\" value=\"\u00c0 quoi correspond le niveau B1 ?\" aria-errormessage=\"wpforms-6-field_50_3-error\" required >\n\t\t\t\t<span class=\"wpforms-icon-choices-label\">\u00c0 quoi correspond le niveau B1 ?<\/span>\n\t\t\t<\/label><\/li><li class=\"choice-4 depth-1 wpforms-icon-choices-item\"><label class=\"wpforms-field-label-inline\" for=\"wpforms-6-field_50_4\">\n\t\t\t\t<span class=\"wpforms-icon-choices-icon\">\n\t\t\t\t\t<svg xmlns=\"http:\/\/www.w3.org\/2000\/svg\" width=\"80\" height=\"64px\" viewBox=\"0 0 384 512\"><!--! Font Awesome Free 6.2.1 by @fontawesome - https:\/\/fontawesome.com License - https:\/\/fontawesome.com\/license\/free (Icons: CC BY 4.0, Fonts: SIL OFL 1.1, Code: MIT License) Copyright 2022 Fonticons, Inc. --><path d=\"M256 64c0-35.3-28.7-64-64-64s-64 28.7-64 64s28.7 64 64 64s64-28.7 64-64zM152.9 169.3c-23.7-8.4-44.5-24.3-58.8-45.8L74.6 94.2C64.8 79.5 45 75.6 30.2 85.4s-18.7 29.7-8.9 44.4L40.9 159c18.1 27.1 42.8 48.4 71.1 62.4V480c0 17.7 14.3 32 32 32s32-14.3 32-32V384h32v96c0 17.7 14.3 32 32 32s32-14.3 32-32V221.6c29.1-14.2 54.4-36.2 72.7-64.2l18.2-27.9c9.6-14.8 5.4-34.6-9.4-44.3s-34.6-5.5-44.3 9.4L291 122.4c-21.8 33.4-58.9 53.6-98.8 53.6c-12.6 0-24.9-2-36.6-5.8c-.9-.3-1.8-.7-2.7-.9z\"\/><\/svg>\n\t\t\t\t\t<span class=\"wpforms-icon-choices-icon-bg\"><\/span>\n\t\t\t\t<\/span>\n\t\t\t\t<input type=\"radio\" id=\"wpforms-6-field_50_4\" class=\"wpforms-screen-reader-element\" name=\"wpforms[fields][50]\" value=\"\u00c0 quoi correspond le niveau B2 ?\" aria-errormessage=\"wpforms-6-field_50_4-error\" required >\n\t\t\t\t<span class=\"wpforms-icon-choices-label\">\u00c0 quoi correspond le niveau B2 ?<\/span>\n\t\t\t<\/label><\/li><\/ul><\/fieldset><\/div><\/div><div class=\"wpforms-layout-column wpforms-layout-column-67\"><div id=\"wpforms-6-field_45-container\" class=\"wpforms-field wpforms-field-content wpforms-conditional-field wpforms-conditional-show\" data-field-id=\"45\" style=\"display:none;\"><div id=\"wpforms-6-field_45\" class=\"wpforms-field-medium wpforms-field-row\" name=\"wpforms[fields][45]\" aria-errormessage=\"wpforms-6-field_45-error\"><p><strong>A1<\/strong> correspond \u00e0 un niveau d&rsquo;utilisateur \u00e9l\u00e9mentaire (niveau introductif ou de d\u00e9couverte).<\/p>\n<p>Cela signifie que vous avez les capacit\u00e9s suivantes&nbsp;:<\/p>\n<ul class=\"sp-item-list\">\n<li>Comprendre et utiliser des expressions famili\u00e8res et quotidiennes et des \u00e9nonc\u00e9s tr\u00e8s simples qui visent \u00e0 satisfaire des besoins concrets<\/li>\n<li>Savoir se pr\u00e9senter ou pr\u00e9senter quelqu&rsquo;un<\/li>\n<li>Pouvoir poser \u00e0 une personne des questions la concernant et r\u00e9pondre au m\u00eame type de questions<\/li>\n<li>Communiquer de fa\u00e7on simple si l&rsquo;interlocuteur parle lentement et distinctement et se montre coop\u00e9ratif<\/li>\n<\/ul>\n<div id=\"ConnectiveDocSignExtentionInstalled\"><\/div>\n<div class=\"wpforms-field-content-display-frontend-clear\"><\/div><\/div><\/div><div id=\"wpforms-6-field_46-container\" class=\"wpforms-field wpforms-field-content wpforms-conditional-field wpforms-conditional-show\" data-field-id=\"46\" style=\"display:none;\"><div id=\"wpforms-6-field_46\" class=\"wpforms-field-medium wpforms-field-row\" name=\"wpforms[fields][46]\" aria-errormessage=\"wpforms-6-field_46-error\"><p><strong>A2<\/strong> correspond \u00e0 un niveau d&rsquo;utilisateur \u00e9l\u00e9mentaire (niveau interm\u00e9diaire ou usuel).<\/p>\n<p>Cela signifie que vous avez les capacit\u00e9s suivantes&nbsp;:<\/p>\n<ul class=\"sp-item-list\">\n<li>Comprendre des phrases isol\u00e9es et des expressions fr\u00e9quemment utilis\u00e9es en relation avec des domaines de l&rsquo;environnement quotidien (par exemple, informations personnelles et familiales simples, achats, travail)<\/li>\n<li>Pouvoir communiquer lors de t\u00e2ches simples et habituelles ne demandant qu&rsquo;un \u00e9change d&rsquo;informations simple et direct sur des sujets familiers et habituels<\/li>\n<li>Savoir d\u00e9crire avec des moyens simples sa formation, son environnement imm\u00e9diat et \u00e9voquer des sujets qui correspondent \u00e0 des besoins imm\u00e9diats<\/li>\n<\/ul>\n<div id=\"ConnectiveDocSignExtentionInstalled\"><\/div>\n<div class=\"wpforms-field-content-display-frontend-clear\"><\/div><\/div><\/div><div id=\"wpforms-6-field_48-container\" class=\"wpforms-field wpforms-field-content wpforms-conditional-field wpforms-conditional-show\" data-field-id=\"48\" style=\"display:none;\"><div id=\"wpforms-6-field_48\" class=\"wpforms-field-medium wpforms-field-row\" name=\"wpforms[fields][48]\" aria-errormessage=\"wpforms-6-field_48-error\"><p><strong>B1<\/strong> correspond \u00e0 un niveau d&rsquo;utilisateur ind\u00e9pendant (niveau seuil).<\/p>\n<p>Cela signifie que vous avez les capacit\u00e9s suivantes&nbsp;:<\/p>\n<ul class=\"sp-item-list\">\n<li>Comprendre les points essentiels d&rsquo;une discussion quand un langage clair et standard est utilis\u00e9 et s&rsquo;il s&rsquo;agit de choses famili\u00e8res au travail, \u00e0 l&rsquo;\u00e9cole, aux loisirs, etc.<\/li>\n<li>\u00catre autonome dans la plupart des situations rencontr\u00e9es en voyage dans une r\u00e9gion o\u00f9 la langue cible est parl\u00e9e<\/li>\n<li>Pouvoir produire un discours simple et coh\u00e9rent sur des sujets familiers et dans ses domaines d&rsquo;int\u00e9r\u00eat<\/li>\n<li>Savoir raconter un \u00e9v\u00e9nement, une exp\u00e9rience ou un r\u00eave, d\u00e9crire un espoir ou un but et exposer bri\u00e8vement des raisons ou explications pour un projet ou une id\u00e9e<\/li>\n<\/ul>\n<div id=\"ConnectiveDocSignExtentionInstalled\"><\/div>\n<div class=\"wpforms-field-content-display-frontend-clear\"><\/div><\/div><\/div><div id=\"wpforms-6-field_47-container\" class=\"wpforms-field wpforms-field-content wpforms-conditional-field wpforms-conditional-show\" data-field-id=\"47\" style=\"display:none;\"><div id=\"wpforms-6-field_47\" class=\"wpforms-field-medium wpforms-field-row\" name=\"wpforms[fields][47]\" aria-errormessage=\"wpforms-6-field_47-error\"><p><strong>B2<\/strong> correspond \u00e0 un niveau d&rsquo;utilisateur ind\u00e9pendant (niveau avanc\u00e9 ou ind\u00e9pendant)<\/p>\n<p>Cela signifie que vous avez les capacit\u00e9s suivantes&nbsp;:<\/p>\n<ul class=\"sp-item-list\">\n<li>Comprendre le contenu essentiel de sujets concrets ou abstraits dans un texte complexe, y compris une discussion technique dans sa sp\u00e9cialit\u00e9<\/li>\n<li>Communiquer avec spontan\u00e9it\u00e9 et aisance avec un locuteur natif<\/li>\n<li>S&rsquo;exprimer de fa\u00e7on claire et d\u00e9taill\u00e9e sur une grande gamme de sujets, \u00e9mettre un avis sur un sujet d&rsquo;actualit\u00e9 et exposer les avantages et les inconv\u00e9nients de diff\u00e9rentes possibilit\u00e9s<\/li>\n<\/ul>\n<div id=\"ConnectiveDocSignExtentionInstalled\"><\/div>\n<div class=\"wpforms-field-content-display-frontend-clear\"><\/div><\/div><\/div><\/div><\/div><\/div><div id=\"wpforms-6-field_31-container\" class=\"wpforms-field wpforms-field-payment-multiple wpforms-list-inline wpforms-conditional-trigger\" data-field-id=\"31\"><fieldset><legend class=\"wpforms-field-label\">Quelle est votre activit\u00e9 actuelle ? <span class=\"wpforms-required-label\" aria-hidden=\"true\">*<\/span><\/legend><ul id=\"wpforms-6-field_31\" class=\"wpforms-field-required\"><li class=\"choice-1\"><input type=\"radio\" id=\"wpforms-6-field_31_1\" class=\"wpforms-payment-price\" data-amount=\"0,00\" name=\"wpforms[fields][31]\" value=\"1\" aria-errormessage=\"wpforms-6-field_31_1-error\" required ><label class=\"wpforms-field-label-inline\" for=\"wpforms-6-field_31_1\">Demandeur d\u2019emploi ou allocataire social<\/label><\/li><li class=\"choice-2\"><input type=\"radio\" id=\"wpforms-6-field_31_2\" class=\"wpforms-payment-price\" data-amount=\"120,00\" name=\"wpforms[fields][31]\" value=\"2\" aria-errormessage=\"wpforms-6-field_31_2-error\" required ><label class=\"wpforms-field-label-inline\" for=\"wpforms-6-field_31_2\">Autre (travailleur, pensionn\u00e9, &#8230;)<\/label><\/li><\/ul><\/fieldset><\/div><div id=\"wpforms-6-field_34-container\" class=\"wpforms-field wpforms-field-layout\" data-field-id=\"34\"><label class=\"wpforms-field-label wpforms-label-hide\" for=\"wpforms-6-field_34\" aria-hidden=\"false\">Mise en page<\/label><div class=\"wpforms-field-layout-columns wpforms-field-layout-preset-50-50\"><div class=\"wpforms-layout-column wpforms-layout-column-50\"><div id=\"wpforms-6-field_32-container\" class=\"wpforms-field wpforms-field-checkbox wpforms-conditional-trigger\" data-field-id=\"32\"><fieldset><legend class=\"wpforms-field-label wpforms-label-hide\" aria-hidden=\"false\">Email<\/legend><ul id=\"wpforms-6-field_32\"><li class=\"choice-1 depth-1\"><input type=\"checkbox\" id=\"wpforms-6-field_32_1\" name=\"wpforms[fields][32][]\" value=\"Je ne dispose pas d&#039;email\" aria-errormessage=\"wpforms-6-field_32_1-error\"  ><label class=\"wpforms-field-label-inline\" for=\"wpforms-6-field_32_1\">Je ne dispose pas d&#8217;email<\/label><\/li><\/ul><\/fieldset><\/div><\/div><div class=\"wpforms-layout-column wpforms-layout-column-50\"><div id=\"wpforms-6-field_2-container\" class=\"wpforms-field wpforms-field-email wpforms-conditional-field wpforms-conditional-hide\" data-field-id=\"2\"><label class=\"wpforms-field-label\" for=\"wpforms-6-field_2\">E-mail <span class=\"wpforms-required-label\" aria-hidden=\"true\">*<\/span><\/label><input type=\"email\" id=\"wpforms-6-field_2\" class=\"wpforms-field-medium wpforms-field-required\" name=\"wpforms[fields][2]\" spellcheck=\"false\" aria-errormessage=\"wpforms-6-field_2-error\" required><\/div><\/div><\/div><\/div><div id=\"wpforms-6-field_33-container\" class=\"wpforms-field wpforms-field-address wpforms-conditional-field wpforms-conditional-show\" data-field-id=\"33\" style=\"display:none;\"><fieldset><legend class=\"wpforms-field-label\">Adresse <span class=\"wpforms-required-label\" aria-hidden=\"true\">*<\/span><\/legend><div class=\"wpforms-field-row wpforms-field-medium\"><div ><input type=\"text\" id=\"wpforms-6-field_33\" class=\"wpforms-field-address-address1 wpforms-field-required\" name=\"wpforms[fields][33][address1]\" aria-errormessage=\"wpforms-6-field_33-error\" required><label for=\"wpforms-6-field_33\" class=\"wpforms-field-sublabel after \">Address Line 1<\/label><\/div><\/div><div class=\"wpforms-field-row wpforms-field-medium\"><div class=\"wpforms-field-row-block wpforms-one-half wpforms-first\"><input type=\"text\" id=\"wpforms-6-field_33-city\" class=\"wpforms-field-address-city wpforms-field-required\" name=\"wpforms[fields][33][city]\" aria-errormessage=\"wpforms-6-field_33-city-error\" required><label for=\"wpforms-6-field_33-city\" class=\"wpforms-field-sublabel after \">City<\/label><\/div><div class=\"wpforms-field-row-block wpforms-one-half\"><input type=\"text\" id=\"wpforms-6-field_33-state\" class=\"wpforms-field-address-state wpforms-field-required\" name=\"wpforms[fields][33][state]\" aria-errormessage=\"wpforms-6-field_33-state-error\" required><label for=\"wpforms-6-field_33-state\" class=\"wpforms-field-sublabel after \">State \/ Province \/ Region<\/label><\/div><\/div><div class=\"wpforms-field-row wpforms-field-medium\"><div class=\"wpforms-field-row-block wpforms-one-half wpforms-first\"><input type=\"text\" id=\"wpforms-6-field_33-postal\" class=\"wpforms-field-address-postal wpforms-field-required\" name=\"wpforms[fields][33][postal]\" aria-errormessage=\"wpforms-6-field_33-postal-error\" required><label for=\"wpforms-6-field_33-postal\" class=\"wpforms-field-sublabel after \">Postal Code<\/label><\/div><\/div><\/fieldset><\/div><div id=\"wpforms-6-field_52-container\" class=\"wpforms-field wpforms-field-html wpforms-conditional-field wpforms-conditional-show\" data-field-id=\"52\" style=\"display:none;\"><div id=\"wpforms-6-field_52\" aria-errormessage=\"wpforms-6-field_52-error\"><div class=\"wpforms-field-description\">Il vous est demand\u00e9 lors de votre premier cours de vous pr\u00e9senter avec une\u00a0<b><i>attestation r\u00e9cente de votre inscription comme demandeur d\u2019emploi aupr\u00e8s du Forem.<\/i><\/b><\/div><\/div><\/div><div id=\"wpforms-6-field_55-container\" class=\"wpforms-field wpforms-field-payment-total\" data-field-id=\"55\" aria-live=\"polite\" aria-atomic=\"true\"><label class=\"wpforms-field-label\" for=\"wpforms-6-field_55\">Total<\/label><div class=\"wpforms-payment-total\">0,00 &euro;<\/div><input type=\"hidden\" id=\"wpforms-6-field_55\" class=\"wpforms-payment-total\" name=\"wpforms[fields][55]\" value=\"0\" aria-errormessage=\"wpforms-6-field_55-error\" aria-describedby=\"wpforms-6-field_55-description\"><div id=\"wpforms-6-field_55-description\" class=\"wpforms-field-description\">Si vous \u00eates \u00ab\u00a0Autre (travailleur, pensionn\u00e9, \u2026)\u00a0\u00bb n&rsquo;oubliez pas d&rsquo;effecter un virement bancaire du total indiqu\u00e9 sur le num\u00e9ro de compte :\r\nBE 64 0910112737 52\r\nAvec la communication votre nom et pr\u00e9nom Anglais.<\/div><\/div><div id=\"wpforms-6-field_53-container\" class=\"wpforms-field wpforms-field-html\" data-field-id=\"53\"><div id=\"wpforms-6-field_53\" aria-errormessage=\"wpforms-6-field_53-error\"><div class=\"wpforms-field-description\">Les donn\u00e9es sont collect\u00e9es uniquement afin de g\u00e9rer les inscriptions et la communication.<\/div><\/div><\/div><\/div><!-- .wpforms-field-container --><div class=\"wpforms-submit-container\" ><input type=\"hidden\" name=\"wpforms[id]\" value=\"6\"><input type=\"hidden\" name=\"wpforms[author]\" value=\"1\"><button type=\"submit\" name=\"wpforms[submit]\" id=\"wpforms-submit-6\" class=\"wpforms-submit\" data-alt-text=\"Envoi...\" data-submit-text=\"Envoyer\" aria-live=\"assertive\" value=\"wpforms-submit\">Envoyer<\/button><img loading=\"lazy\" decoding=\"async\" src=\"https:\/\/alevlv.be\/inscription\/wp-content\/plugins\/wpforms\/assets\/images\/submit-spin.svg\" class=\"wpforms-submit-spinner\" style=\"display: none;\" width=\"26\" height=\"26\" alt=\"Chargement en cours\"><\/div><\/form><\/div>  <!-- .wpforms-container -->","protected":false},"excerpt":{"rendered":"","protected":false},"author":1,"featured_media":0,"parent":0,"menu_order":0,"comment_status":"closed","ping_status":"closed","template":"","meta":{"footnotes":""},"class_list":["post-27","page","type-page","status-publish","hentry"],"_links":{"self":[{"href":"https:\/\/alevlv.be\/inscription\/wp-json\/wp\/v2\/pages\/27","targetHints":{"allow":["GET"]}}],"collection":[{"href":"https:\/\/alevlv.be\/inscription\/wp-json\/wp\/v2\/pages"}],"about":[{"href":"https:\/\/alevlv.be\/inscription\/wp-json\/wp\/v2\/types\/page"}],"author":[{"embeddable":true,"href":"https:\/\/alevlv.be\/inscription\/wp-json\/wp\/v2\/users\/1"}],"replies":[{"embeddable":true,"href":"https:\/\/alevlv.be\/inscription\/wp-json\/wp\/v2\/comments?post=27"}],"version-history":[{"count":5,"href":"https:\/\/alevlv.be\/inscription\/wp-json\/wp\/v2\/pages\/27\/revisions"}],"predecessor-version":[{"id":71,"href":"https:\/\/alevlv.be\/inscription\/wp-json\/wp\/v2\/pages\/27\/revisions\/71"}],"wp:attachment":[{"href":"https:\/\/alevlv.be\/inscription\/wp-json\/wp\/v2\/media?parent=27"}],"curies":[{"name":"wp","href":"https:\/\/api.w.org\/{rel}","templated":true}]}}